of x(4)?
2
What is the thousands digit of (12 - 18)/(6/(-3424))?
3
Let o(k) = k**3 - k**2 - k - 1. Let q(a) = 5*a**3 - 16*a**2 + 12*a - 32. Let h(d) = -4*o(d) + q(d). What is the hundreds digit of h(12)?
1
Let r be (-159)/(-33) - (9/11 - 1). Suppose -r*k - 8 + 183 = 0. What is the units digit of k?
5
What is the thousands digit of (-4212)/(-8)*260/39?
3
Let c = -27 + 27. Suppose 3*o + c*o - 117 = 0. Suppose 3*r = -y + 137, -5*y = -4*r + 209 - o. What is the tens digit of r?
4
Let d = 1 + 2. Let w(z) = 9*z - 5*z**2 - d*z**3 - 5*z**2 + 13 - 1 + 4*z**3. What is the units digit of w(9)?
2
Let y(l) be the second derivative of 7*l**3/2 - 3*l**2/2 - 24*l. What is the tens digit of y(5)?
0
Let f = -1344 + 2059. What is the units digit of f?
5
Let l(w) = 2*w**2 + 6*w + 25. Let x be l(13). Let t = -279 + x. What is the units digit of t?
2
Suppose -10*j = -5*j - 15. Let r(h) = h**3 - 5*h**2 - 4*h + 3. Let i(t) = t**2 + t - 1. Let v(s) = 4*i(s) + r(s). What is the units digit of v(j)?
7
Let b be (4/8)/((7/(-6))/(-7)). Suppose -205 = -b*y + 104. What is the tens digit of y?
0
Let t = -124 + 322. Let u = t - 61. What is the hundreds digit of u?
1
Let q(j) = -j**2 + 42*j + 26. What is the hundreds digit of q(23)?
4
Suppose 7*u = 3406 + 4777. What is the hundreds digit of u?
1
Suppose -2*x + 51354 = 7*x. What is the tens digit of x/63 + 3/7?
9
Let o = -1289 - -3022. What is the hundreds digit of o?
7
Let x(q) = -121*q - 255. What is the thousands digit of x(-24)?
2
What is the hundreds digit of (-3022 - -1)*86/(-129)?
0
Let w(c) = c**2 + 8*c + 7. Let f be w(-7). Suppose 2*u - 5*v + 10 = -3*v, -3*u + 2*v - 18 = f. Let b(o) = -2*o - 3. What is the units digit of b(u)?
3
Let b(l) = 8 + 21*l + l**2 - 31 - 2*l**2. What is the units digit of b(8)?
1
Let r(p) = -9 + 2*p - 5 + 4. Let h be r(6). Suppose 367 = 5*b + f, -h*b + 138 = -3*f - f. What is the units digit of b?
3
Let f be 5*(-36)/(-15) + -2. What is the tens digit of 2196/f - (-13)/((-65)/(-2))?
2
Suppose 2*k = 3 + 9. What is the units digit of 1092/44 + k/33?
5
Let y(q) = -q**2 - 23*q - 45. What is the units digit of y(-8)?
5
Suppose -17 - 11 = 2*h. Let y = h + 39. What is the units digit of y?
5
Let m be 1/((-2218)/(-2216) - 1). What is the units digit of m/10 + 8/40?
1
Let m be (-3)/(-2) + (-28)/(-8). Suppose g = -m*u + 239 + 170, -2*u + 174 = 3*g. What is the tens digit of u?
8
Suppose 515 = 5*b - 3*c - 314, 344 = 2*b + 5*c. What is the tens digit of b?
6
Let p be (-4)/(-3)*(-30)/70*-7. Suppose 0*a + 5*i + 925 = 4*a, 0 = 4*a + p*i - 880. What is the tens digit of a?
2
Let p be 5/(-3)*(-1 + -2). Suppose 3*l - 2*d - 260 = 0, p*d - 133 = -3*l + 99. What is the tens digit of l?
8
Suppose -685 = -13*y + 2539. What is the tens digit of y?
4
Let n(p) = 5*p - 4 - p - 8*p. Let g be n(-2). Suppose -b + 270 = g*b. What is the units digit of b?
4
What is the units digit of (18/(-45))/(-2*(-2)/(-2280))?
8
Let f(j) = 0 + j**2 + 2*j + 0 - 17*j**3 + 1 - 3*j**3. Let q = -5 - -4. What is the units digit of f(q)?
0
Let i(c) be the first derivative of -36*c**2 + c - 8. What is the tens digit of i(-1)?
7
Let s be ((160/(-15))/(-8))/((-2)/(-6)). Let y = 11 - s. What is the units digit of y?
7
Suppose -3*s - 2*f + 58 = 0, 3*f - 4*f = -5. Suppose -2*g + s = -2*d, -4*g + d - 4 = -6*g. What is the units digit of 1/g + (-44)/(-16)?
3
Let r be ((-6)/(-4))/((-2)/((-2384)/12)). Suppose -35 + r = 2*h. What is the tens digit of h?
5
Let h(v) = -v**2 + 8*v - 10. Let x(d) = -1. Let g(t) = h(t) + x(t). Let o be g(5). What is the units digit of o + 8 + 12/(-3)?
8
What is the hundreds digit of -6*(-14)/(-56) + (-3519)/(-2)?
7
Let v(f) = 22*f**2 - 2*f - 1. Let t be v(-2). Suppose -t = -3*p + 5*l + 51, 3*p - 170 = -2*l. What is the units digit of p?
4
Suppose -86*g = -157*g + 142000. What is the thousands digit of g?
2
Let i = -26 + 40. Suppose -3*f - i = -4*f. What is the units digit of f?
4
Suppose 0 = s + 3*s - 464. Suppose -u - 3*n = -2*u + s, 0 = u - 4*n - 119. What is the units digit of u?
7
Suppose -1853 = -3*f - x, -7 = 5*x - 32. What is the tens digit of f?
1
Suppose -512 = 5*j - 102. Let d = j - -106. What is the units digit of d?
4
Suppose -572 = 14*f - 3750. What is the units digit of f?
7
What is the units digit of ((-24)/(-8) + -6)/(3/(-556))?
6
Let c(v) = v**3 + 6*v**2 + 7*v - 2. Let l be c(-4). Suppose -l*n = -115 + 11. What is the tens digit of n?
5
Let d be 14/(-91) - (-22)/(-26). Let w be (-1)/(0 + d) + -2. What is the tens digit of (56/(-6))/w*3?
2
Let f = -4 - -11. Let q(p) = -p**3 + 6*p**3 + p - 2 - 7*p**2 - 4*p**3. What is the units digit of q(f)?
5
Let o(g) = 5*g**2 - 5*g - 3. Let x(b) = 11*b**2 - 11*b - 5. Let w(d) = -9*o(d) + 4*x(d). What is the units digit of w(0)?
7
Let s(h) = 2*h**2 + 31*h + 1. What is the hundreds digit of s(13)?
7
Let t = 14 + -14. Let k be 1*(2 + 2 + t). Suppose k*o + 0 = 4. What is the units digit of o?
1
Let y be 5*(-15)/18 + 1/6. What is the units digit of 10 + 12/y - 1?
6
Suppose -12 = 4*l + g, -9*g + 4*g = 3*l + 9. What is the tens digit of l/((-18)/(-21))*-6?
2
Suppose -8*m = -3*m. Suppose m = -9*p + 4*p + 5, 2*c = 3*p + 1. Suppose 0 = -c*v + 81 + 3. What is the units digit of v?
2
Let h = -154 - -523. What is the units digit of h?
9
Suppose -39*v - 9573 + 61989 = 0. What is the tens digit of v?
4
Suppose 0 = 4*k - 3*x - 6 - 2, 0 = 3*k - 2*x - 6. Suppose j = -0*j + k. Suppose -j*o + 2*l + 52 = 2, 4*o - 132 = -4*l. What is the tens digit of o?
2
Suppose 2*d - 7 + 21 = 0. What is the tens digit of d + 3 + 2 - -33?
3
Suppose 3*d + 0*d + 3 = 2*p, -3*p - d + 10 = 0. Suppose 44 = 5*m - 21. Suppose 23 + m = p*r. What is the tens digit of r?
1
Let u = -8 + 11. Suppose 627 = 5*r + 3*y, u*r + 0*r - 4*y = 353. What is the tens digit of r?
2
What is the tens digit of 2762 + (7/7 - -3)?
6
Suppose -2414 = -6*d - 506. Let t = d - 227. What is the units digit of t?
1
Let o(s) = -s**3 - s**2 + 7*s - 4. Let r be -7*(1 + -3 + 3). What is the hundreds digit of o(r)?
2
Suppose -6*j - 2*d + 145 = -j, -5*j + d + 130 = 0. Let y = -17 + j. What is the tens digit of y?
1
Let z(y) = -24*y + 51. What is the hundreds digit of z(-16)?
4
Let r(b) = b**2 - 5*b - 10. Let h be r(6). What is the tens digit of (295/h + -3)*-4?
0
Suppose -97 = 3*c - 280. Suppose -c - 23 = -4*m. What is the tens digit of m?
2
Let h = 44 + -44. What is the units digit of (-228)/(-95)*(h - -15)?
6
Let q(w) = -3*w**3 - 19*w**2 - 10*w - 10. Let k be q(-8). Suppose k = -d + 7*d. What is the tens digit of d?
6
Suppose -96*j + 122986 = 33898. What is the hundreds digit of j?
9
Let m(x) = -7*x**2 - 6*x - 11. Let i be m(-4). Let n = 147 + i. What is the units digit of n?
8
Let s(r) = 5*r**3 + 17*r**2 - 11*r. Let j(k) = 4*k**3 + 16*k**2 - 10*k + 1. Let d(o) = 6*j(o) - 5*s(o). What is the hundreds digit of d(5)?
1
Let r = 2871 + -1108. What is the thousands digit of r?
1
Suppose 0 = 3*y + 23*y - 19422. What is the hundreds digit of y?
7
Suppose 8*f = -828 + 6228. What is the units digit of f?
5
Let q = 5 + -1. Suppose -127 = -q*g - 35. Suppose 5*c - 208 = -g. What is the tens digit of c?
3
Suppose -3*w + 2483 = -a, w + a - 218 = 607. What is the tens digit of w?
2
Suppose -5*f + 16 = 61. What is the units digit of -4 - (-8)/(-1)*f?
8
Let f be 4/(-42) + 704/336. Suppose -3*v + 3*a + 160 = v, 0 = -f*v - 3*a + 62. What is the units digit of v?
7
Let j(f) = -54*f + 14. What is the tens digit of j(-5)?
8
Let l be 5 - 0 - (22 + -22). What is the tens digit of ((-56)/(-5) - -3)*l?
7
Suppose -3*p = -1458 + 1200. What is the units digit of p?
6
Let x(a) = a**3 + 23*a**2 + 3*a + 67. What is the hundreds digit of x(-20)?
2
Let p be -3 + (1*78)/3. Suppose -q + 4 - 1 = k, -q - 15 = -5*k. Suppose 0 = -3*z - 15, k*f = 2*f + z + p. What is the tens digit of f?
1
Let z(c) = -c**3 + 5*c**2 + 9*c - 7. Suppose 3*k - 2*k = 6. What is the tens digit of z(k)?
1
What is the thousands digit of (2399/(-5))/((-35)/350)?
4
Suppose 2*a + 8*t - 254 = 12*t, -600 = -5*a + 3*t. What is the tens digit of a?
1
Let t = 29 - 19. Suppose -2*a - 20 = t. Let k = -11 - a. What is the units digit of k?
4
Suppose 4*t = 5*t. Suppose t = -5*g + 4*f + 552, 0 = -4*g - 5*f + 488 - 30. What is the tens digit of g?
1
Let t = -703 - -1041. What is the hundreds digit of t?
3
Let m(q) = -23*q - 1. Wha